d 14.
2
Suppose 0 = 2*d - 3*f + 18 - 132, -3*f - 171 = -3*d. Let a = -13 + 13. Suppose a = -11*x + 10*x + 19. What is the greatest common factor of d and x?
19
Let p = -11 + 14. Let f(x) = -6*x + 2*x + p*x. Let l be f(-5). What is the highest common divisor of l and 40?
5
Let m be (16/10)/(1/5). Let b(v) = v**3 - 5*v**2 + 4*v + 6. Let o be b(4). Let f be 2*(5 + o) + -2. Calculate the highest common divisor of f and m.
4
Suppose -4*q = -4*i + 136, -2*q + 74 = 2*i + 2*q. Calculate the highest common divisor of i and 115.
5
Suppose 3*x = 234 + 198. Let w(l) = -l**3 - 32*l**2 - 64*l - 104. Let r be w(-30). What is the greatest common divisor of r and x?
16
Suppose 3*u - 134 = 1. What is the highest common divisor of 15 and u?
15
Suppose 4*o + 29 = r, -4*r + o - 3*o = -134. Let i = r + -23. Let y(p) = -p**2 - 13*p + 10. Let s be y(-13). Calculate the greatest common factor of i and s.
10
Let n = -291 + 317. What is the highest common divisor of n and 494?
26
Let w be 7/(49/560) + 10. What is the highest common factor of w and 594?
18
Let k(q) = -6*q**3 - 3*q**2 + 6*q + 5. Let x be k(-3). Let r = -92 + x. What is the highest common divisor of 75 and r?
15
Suppose b - 23 = -27, 0 = 2*k + 4*b - 154. Calculate the greatest common divisor of k and 102.
17
Let s = 111 + -109. Suppose 0 = 3*n - 4*x - 132, s*n - 4*n + 2*x = -86. What is the highest common factor of 10 and n?
10
Let i be (-25 - -2)*-1 - -1. Suppose -4*k = 5*q - 1, q + 0*k - 2 = k. Let h be q/(((-36)/32)/(-9)). Calculate the greatest common divisor of h and i.
8
Let k = 1 + 74. Let l be 1 - k/(-6)*2. Let q be 416/6*6/4. What is the greatest common divisor of q and l?
26
Let g be (105/6)/7 + (-1820)/(-104). What is the greatest common divisor of 205 and g?
5
Let x = -77 - -123. Let d = x - 6. What is the greatest common factor of d and 8?
8
Let f = 278 - 154. Let i be -3 + f/44 - 6170/(-55). Calculate the greatest common factor of i and 16.
16
Suppose 5*q - 331 = -u, u - 420 + 61 = 2*q. Let v(d) = -d**2 + 9*d + 151. Let o be v(16). What is the highest common factor of o and u?
39
Let w be (-1450)/(-70) - 2/(-7). Let a be (-2)/6 + 385/w. Calculate the greatest common divisor of 72 and a.
18
Let v(q) = 69*q - 17. Let c be v(3). What is the greatest common factor of c and 10?
10
Suppose -3*q - 4 = -4*q. Let k(b) be the second derivative of -b**4/12 + 11*b**3/6 - b**2 - 5*b. Let u be k(9). What is the greatest common factor of q and u?
4
Let b be ((-24)/(-10))/(-3)*(-20)/4. Let m(y) = 4*y + 5. Let p be m(b). Calculate the greatest common divisor of 42 and p.
21
Let q(d) = -5*d - 2*d + 11*d - 7*d**2 + 3 + d**3 + 12*d. Let h be q(5). Calculate the greatest common factor of 231 and h.
33
Let r(o) = -89*o + 91. Let n be r(-8). Calculate the highest common factor of 146 and n.
73
Let m be 6*((-26)/(-4) + -4). Suppose -83 = -4*s - m. Let l = -277 + 413. Calculate the greatest common factor of s and l.
17
Suppose -55862 = -42*c + 16210. Calculate the greatest common factor of 11 and c.
11
Let z(h) = -h**3 + 7*h**2 + 9*h - 3. Let f be z(8). Suppose -2*j = 2*d + d + f, -4*j + 20 = -4*d. Calculate the greatest common factor of 1 and j.
1
Suppose -2*x - 3*u = -172 - 542, 2*x - u = 698. Calculate the greatest common divisor of 39 and x.
39
Suppose 0 = -5*w - 5 + 320. Suppose 3*g - 1 - 20 = 0. Calculate the greatest common divisor of w and g.
7
Suppose -2*j + 6*j = 348. Let b(r) = -j + 0*r - r + 101. Let d be b(10). What is the greatest common factor of d and 20?
4
Suppose 7*k - 33 + 12 = 0. Suppose 0 = -u + 30 + k. What is the highest common divisor of 11 and u?
11
Let o = -168 - -273. Suppose o = 10*t - 3*t. Calculate the highest common divisor of 15 and t.
15
Let y = 1934 - 1054. What is the greatest common divisor of 400 and y?
80
Suppose 5*u = 614 + 46. Let j(n) = -n**3 - 11*n**2 - 2*n - 9. Let z be j(-11). Let c = z + -1. What is the greatest common factor of u and c?
12
Suppose -2 = -t + 9. Let o = t + -7. Let s(l) = -2*l - 4. Let n be s(-4). Calculate the greatest common factor of n and o.
4
Suppose p - 3*w + 0*w = 5, 0 = -4*p - 5*w + 20. What is the highest common factor of 55 and p?
5
Let j = 98 + -226. Let a = j + 152. Calculate the greatest common factor of a and 60.
12
Suppose -38 - 160 = -3*f. Suppose 0 = 3*b - d - 7 - 16, -4*b + 4*d = -44. What is the highest common divisor of f and b?
6
Let n = 104 - 38. Suppose -2*p + n = -2*f - 104, -3*p - 2*f = -230. What is the highest common divisor of p and 8?
8
Let u = 31 + -27. Suppose -u*p + 58 + 14 = 0. What is the greatest common divisor of p and 2?
2
Let g be (16/(-1))/(-2 - 0). Suppose 17 + 15 = 2*j. What is the highest common factor of g and j?
8
Suppose -13*n - 192 = -19*n. Calculate the highest common factor of 144 and n.
16
Let i = 568 - 258. Calculate the highest common factor of i and 93.
31
Let k = -153 - -105. Let d be (k/64)/(6/(-40)). Suppose 2*v + 1 = 6*t - t, -2*v - d*t = -9. Calculate the greatest common factor of v and 22.
2
Let t(h) = -4*h**3 + 5*h**2 + 12*h + 27. Let j be t(-4). What is the greatest common divisor of 35 and j?
35
Let z be 26/91 - (-916)/28. What is the greatest common factor of 891 and z?
33
Suppose 4*t + 113 = 4*u + u, 3*u + 3*t = 57. Suppose f + u = 53. Calculate the highest common divisor of f and 4.
4
Let g(x) = 11*x**3 - x**2 + x + 1. Let q be g(1). Let h be 338/q + (-18)/108. What is the greatest common factor of 28 and h?
28
Suppose 4*r - 8 = -0*v + 4*v, 5*r + 3*v = 50. Let f = 1 - 0. Suppose -g + 6 = -f. What is the greatest common factor of g and r?
7
Let i = -7 - -14. Suppose -28*v = -288 - 104. What is the greatest common divisor of v and i?
7
Let b(z) = -24*z + 1. Let t be b(-1). Suppose 2*h - 9 = -2*k + h, -14 = -2*k + 4*h. What is the greatest common divisor of k and t?
5
Let j = 40 + -37. Let o be 4/(40/13 - j). Calculate the highest common factor of o and 13.
13
Let x(g) = -g**3 + 12*g**2 + 21*g - 53. Let l be x(13). What is the greatest common divisor of l and 1173?
51
Suppose 0 = q - 5, -5*s + 10*q + 8355 = 9*q. What is the highest common divisor of s and 176?
88
Let n = 105 - 175. Let q be (72/(-14))/(15/n). Suppose -4*o = -4*f - q, 0 = -2*o + 4*f + 1 + 5. Calculate the highest common divisor of o and 36.
9
Suppose -1012 = -29*l - 17*l. Let i = -37 - -169. Calculate the highest common factor of l and i.
22
Let u be ((-52)/(-5))/((-6)/(-15)). Suppose u = -a + 2*a. What is the greatest common divisor of 65 and a?
13
Let t = 46 - 46. Suppose -5*x + 4*v = 3*v - 416, t = -5*x + 4*v + 404. What is the greatest common factor of x and 12?
12
Suppose 36*d = 18*d + 2808. What is the highest common factor of 208 and d?
52
Suppose m - 21 = -2*p, 11*p - 8 = 9*p. What is the highest common divisor of 247 and m?
13
Suppose i - 5*b - 30 = 0, -3*i + b = -5*i + 16. Calculate the greatest common factor of i and 430.
10
Let i(x) = -x + 2. Let n be i(-9). Let j be (-1 + 2)/((-2)/6). Let d be (j/(-6))/(3/6). Calculate the highest common divisor of n and d.
1
Let b = -211 + 358. What is the highest common divisor of b and 245?
49
Let p(n) = -2 + n - 6*n + 9*n - 7*n. Let i be p(-4). What is the greatest common factor of i and 10?
10
Let h(c) = 51*c**2 - 52*c**2 - 18 + 6*c + 5*c. Let s be h(7). Let k be 123/5 - 4/(-10). What is the highest common factor of k and s?
5
Let h be 2 - ((-2)/(-2) + 0). Suppose 4*c + 24*w - 80 = 26*w, -5*c = 5*w - 55. Calculate the greatest common factor of h and c.
1
Suppose 0 = 5*a - 2*z - 192, -2*a + 6*a + z - 164 = 0. Let l be (-5 + 6)/(4/a). Let r be (-3)/(103/(-50) - -2). What is the highest common factor of l and r?
10
Suppose y = -2*h + 184, 0*y + 2*y = 8. Calculate the greatest common factor of 10 and h.
10
Let q be (-3)/(1 + (-110)/105). What is the greatest common divisor of q and 693?
63
Suppose 20*m - 3844 = 1276. Calculate the highest common factor of 12 and m.
4
Let w(c) = 4*c - 4. Let u be w(2). Suppose -l + 4 = 5*y, l - 6 = u*y - 2. Let g be 0 - (l + -3 + -89). Calculate the greatest common factor of g and 8.
8
Suppose 8*b = 4*b + 4. Let m be 1 + b + 74 + -1. What is the highest common factor of 15 and m?
15
Let n = 692 + -556. Calculate the greatest common factor of n and 17.
17
Let y(x) = -x**2 + 20*x - 27. Let k be y(18). Suppose h + 39 = -2*h - 5*u, 0 = -h - 5*u - 23. 